**3 + 57664 - 4*c**2. Determine y(-3).
3
Let g(i) = -2*i + 2. Let n(k) = -k**3 + 7*k**2 + 4*k. Let m be n(7). Let l = 31 - m. Give g(l).
-4
Suppose 5 = -h - h - 3*t, 0 = 2*t + 6. Let y be -1*1*(3 - h). Let k(q) = -4*q**2 - 3*q - 2. Let v(m) = -m**2 - m. Let x(d) = y*k(d) + v(d). Give x(-2).
10
Let p(f) be the third derivative of f**4/24 + f**2. Let d(z) = -4*z. Let g(l) = 2*d(l) + 10*p(l). Let a be 12/8 - (-4)/(-8). Determine g(a).
2
Let y(v) = 15*v**3 - 27*v**2 + 13*v - 34. Let b(x) = -7*x**3 + 13*x**2 - 6*x + 16. Let d(f) = 13*b(f) + 6*y(f). Let q = 80 + -73. Give d(q).
4
Let h(j) = j**2 + 6*j + 4. Let a(v) = -2*v + 8. Let p be a(5). Let k be (p + 8 + -4)*1. Suppose 0 = 4*r + 4*l + 20, 12 = -5*r + k*l + 1. Give h(r).
-5
Let f(o) = 60*o + 237. Let y be f(-4). Let i(q) = q**3 + q**2 - q + 5. Give i(y).
-10
Suppose -6*t - 23 = -5. Let d(h) = -5*h - 2. Let b(r) = 15*r + 6. Let x(j) = -4*b(j) - 11*d(j). What is x(t)?
13
Suppose -2*q - 230 + 220 = 0. Let b(d) be the first derivative of -1/3*d**3 - 2*d - 3/2*d**2 + 2. Calculate b(q).
-12
Suppose -586*j = -587*j - 1. Let k(z) = 17*z + 1. What is k(j)?
-16
Let w be (-1085)/(-93) + 2 + 10/(-6). Let o be ((-18)/36)/((-2)/w). Let i(t) = 4*t - 2. What is i(o)?
10
Let z(d) = 2*d + 9. Let h(l) = l + 5. Let w(j) = -11*h(j) + 6*z(j). Let x = -47 - -19. Let k = -24 - x. What is w(k)?
3
Let z(w) = -w**3 - 2*w**2 + 5*w - 2. Let a(l) = -l + 0*l**2 + 1 - 3*l**3 - 4*l**2 - 2*l + 5*l. Let f be a(1). Give z(f).
10
Suppose -6 = -3*p, -3*p = b - 2*b - 2. Suppose -b*z + 3*z = 0. Let r(u) = -2 - 1 + u + 0 + z*u - 2*u**2. Calculate r(3).
-18
Let y(f) = -14 + 1 + 11*f - 3*f - 11*f. What is y(-11)?
20
Let d(v) = v**2 - 5*v. Suppose 2*i + 10 = 22. Suppose -6*w + i + 36 = 0. Give d(w).
14
Suppose -43*j + 46*j = 9. Let x(y) = -3*y + 2. Let t(z) = 3*z - 2. Let d(p) = 5*t(p) + 6*x(p). Determine d(j).
-7
Let x(r) be the third derivative of -r**4/12 - r**3 - r**2. Suppose -4*q = -5*o - 51, -4*o = q + q + 20. Determine x(o).
8
Let g(w) = 4*w**2 - 2 + 9*w + 19*w + 2*w**3 - 27*w - 4*w**3. Calculate g(3).
-17
Let t(n) = n**3 + 7*n**2 + 10. Let h = -322 + 315. Calculate t(h).
10
Let d(g) = -9*g + 13. Let w(t) = -2*t. Let u(m) = d(m) - 4*w(m). Give u(9).
4
Let g be 2/4*0 + 26*14/91. Let r(m) be the third derivative of m**6/120 - m**5/10 + 5*m**4/24 + m**3/2 + m**2. Determine r(g).
-9
Let k(i) be the third derivative of -i**5/60 + i**4/6 - 5*i**3/3 - 132*i**2. Give k(5).
-15
Let u(d) = -d**2 + 7*d - 5. Let o be 42*((-25)/10)/(0 + -1). Let f = -100 + o. Give u(f).
5
Let d(q) be the first derivative of 2*q**3/3 + 17*q**2 - 9*q - 357. Calculate d(-17).
-9
Let d(v) = -5 + 2 + 2 - 2*v. Suppose 0 = -6*f + 2 + 16. Give d(f).
-7
Let s(q) = -q + 1. Let h = -1073 + 1073. Suppose 40 = 5*z - 0*z. Suppose -2*l = -h*l + z. Calculate s(l).
5
Let m(s) = 5 - 3*s + 2 + 6 - 16 + 0. What is m(2)?
-9
Let p(s) be the third derivative of -11/60*s**5 - 1/120*s**6 + 6*s**2 - 2 - 5/12*s**4 + 0*s - 1/3*s**3. Give p(-10).
-2
Let v(g) = -g**2 + 5*g + 5. Let o(f) = -f**3 + 14*f**2 - 11*f - 19. Suppose b + 0*b + h - 10 = 0, -4*h = -b + 25. Let u be o(b). Give v(u).
-9
Suppose -2*z + 3 - 9 = 0. Let l(j) = 4*j**2 + 3*j + 4. Let w(a) = -1. Let u(r) = z*w(r) - l(r). Give u(-2).
-11
Let a(i) be the third derivative of -i**6/120 + 11*i**5/60 + 7*i**4/12 - 13*i**3/6 + 461*i**2. Give a(12).
11
Let s(d) = -2*d**2 - 7*d - 7. Let b(a) = a**2 + 6*a + 7. Let u(q) = 3*b(q) + 2*s(q). Determine u(6).
-5
Let i be 6/87 + 182/(-3480). Let j(g) be the third derivative of 0*g - 2*g**2 - 1/6*g**3 + 0 + 1/4*g**4 + i*g**5. What is j(-6)?
-1
Let f(i) = -3*i**2 - 3*i - 13. Let p(j) = -j**2 - 2*j - 7. Let a(g) = -2*f(g) + 5*p(g). Let v be a(6). Let w(z) = 4*z - 3. Calculate w(v).
9
Let q be 3 + 1/((-4)/(-28)). Suppose 70 + q = 4*x. Suppose k - 4*y + x = y, 4*k - 2*y + 8 = 0. Let w(n) = n - 13. Determine w(k).
-13
Let a(w) be the third derivative of w**8/6720 + w**7/2520 + w**6/360 - w**4/12 + 15*w**2. Let y(n) be the second derivative of a(n). Calculate y(-2).
-8
Let b = 5 - 5. Let r(p) be the first derivative of -p**5/60 + p**4/24 - 2*p**3/3 - 13*p**2/2 + 18. Let h(d) be the second derivative of r(d). Calculate h(b).
-4
Suppose -u + 6*u = 100. Let o(f) = 17 - 6*f**2 + 6*f + u + f**3 - 35. Calculate o(5).
7
Let u(v) = -4*v + 1 + 3 + 5*v + 1 - 2*v. Let d = 3 - 1. Suppose -w = d*w - 15. What is u(w)?
0
Let g(z) = -z**3 - 27 + 2*z - 37 + 57 + 5*z**2. What is g(5)?
3
Let u(m) = 4*m + 22. Let v be 6/10 + (-24)/(-10). Let d(t) = 3. Let j(b) = v*u(b) - 21*d(b). Determine j(-3).
-33
Suppose -2*k + n + 62 = 0, -2*k + n - 155 = -7*k. Let p(t) = t**3 + 0*t**2 + k - 5*t - t**2 - 28. Let r be p(3). Let q(d) = -d**2 + 3*d + 8. Give q(r).
-10
Let n(v) = -4*v + 2. Let m(r) = 8*r - 4. Let y(q) = 6*m(q) + 11*n(q). Suppose -14*d + 14 = -7*d. What is y(d)?
6
Let v(q) = 9*q**3 - 2*q**2 - 2*q. Let x(f) = 5*f + 174. Let c be x(-35). What is v(c)?
-9
Let o = -144 + 145. Let b(k) = -8*k**2 - 2*k + 1. What is b(o)?
-9
Let f(j) = 11*j**2 + 186*j + 1 + j**3 - 179*j - 3*j**2. Let a be 1/((-1)/(-7)*-1). Give f(a).
1
Let y(n) = n**3 - 4*n**2 - 5*n + 5. Let x be y(5). Let j(u) = x*u - 3*u + 4 + 1. Let b(i) = -5*i**2 + 3*i + 4. Let l be b(-1). What is j(l)?
-3
Suppose 8*v - 5*v + 60 = 0. Let q = -18 - v. Let n(d) = -4 + 4*d - 1 + 2. Calculate n(q).
5
Suppose 0 = 3*b + 9 + 9. Let r(g) = -5*g + 2. Let o(p) = p - 1. Let k(q) = -6*o(q) - r(q). What is k(b)?
10
Let a(u) be the first derivative of u**3/3 - 7*u**2/2 + 12*u + 34. Determine a(5).
2
Let c(n) = 2*n - 3*n - 9*n**2 - n**3 + 2*n - 11 - 11*n. Give c(-8).
5
Let o be (-8)/6*6/1. Let v be 3/(-2)*o/(-12). Let x(j) = -39 + 3*j**2 + 40 - j**2 - 3*j**2 - j**3. Give x(v).
1
Let j(p) be the first derivative of -25*p**4/4 - 2*p**3/3 + p**2 - p + 29. Let g be -1 + (3 - 1/1). What is j(g)?
-26
Let b(u) = u**3 + 19*u**2 + 18*u + 1. Let o(i) = -3*i**3 + 2*i**2 + 3*i - 8. Let d be o(2). Calculate b(d).
1
Let w(o) = 4*o - 18. Let n(d) = -d + 6. Let l(u) = -11*n(u) - 4*w(u). Suppose 0 = 11*s - 15*s - b + 15, -5*b = 2*s + 15. What is l(s)?
-19
Let s(c) = -6*c + 136*c**3 - 1 + 5*c - 135*c**3. Suppose 0 = 5*p + 11 - 1. Calculate s(p).
-7
Let p(u) be the third derivative of u**5/60 - u**4/8 + u**3/2 + 2*u**2. Let n = 2177 + -2174. Give p(n).
3
Let b(u) = -u**2 + 17*u + 24. Let y(r) = r**2 + 6*r + 11. Let q be y(-7). Calculate b(q).
6
Let r = 6 + -8. Let n be ((-6)/15)/((-2)/10). Let p(t) = -1 - 4*t**2 - 2*t**2 + 7*t**n. Give p(r).
3
Let t(j) be the second derivative of j**3/6 + j - 92. Determine t(-4).
-4
Let z(n) = -1 + 17*n - 34*n + 6*n. Calculate z(2).
-23
Let f be (8/14)/((-154)/(-539)). Let i(t) be the second derivative of -t**4/6 + t**3/6 - t. Calculate i(f).
-6
Let l be (-22)/(-8) - (-3)/12. Let o(b) = 1 - b**l + 0*b**2 + 4*b**2 - 2*b - 2*b**2. Give o(2).
-3
Let k(o) = 4*o - 10. Let s be k(4). Let x(p) = p. Let a be x(s). Suppose -3*d - 3*i = -0 + a, 2*d = i - 4. Let t(z) = -z**3 - z**2 + 3*z + 2. Determine t(d).
0
Let r(i) = i**3 + 7*i**2 + 6*i + 8. Let z be ((-1)/(-3))/((-5)/(-45)). Suppose -4*b = k - z*b + 2, 0 = 3*k + b + 14. Give r(k).
8
Let r(v) = -2*v - 3*v - 54766 + 54764. Give r(3).
-17
Suppose -3*a + 0 = -3. Let b = 2 - a. Suppose -w + b = -2. Let y(j) = -j**2 + 2*j - 3. What is y(w)?
-6
Let w be ((30/8)/5)/(6/24). Let x(r) = r**2 - 4*r + 1. Calculate x(w).
-2
Let y(k) = -20*k**3 - 5*k**2 - 4*k - 12. Let r(x) = -11*x**3 - 3*x**2 - 2*x - 6. Let m(s) = 11*r(s) - 6*y(s). What is m(-3)?
0
Let u(g) = 11*g**3 + g**2 + g. Let z(o) = -o**2 - 2*o + 27. Let s be z(-6). Let b be (-3)/9*-3 - (-1 + s). What is u(b)?
-11
Let q be 2/3*(-6 - 0). Let d(k) be the first derivative of k**3/3 + 9*k**2/2 + 3*k + 66. Give d(q).
-17
Let d(o) = -o**3 - o**2 + 3*o - 3. Suppose 12*j + 4 = 10*j + 4*l, -3*j - 3*l + 12 = 0. Determine d(j).
-9
Let a(u) = 3*u + 8. Suppose 0 = 3*c + 3*s + 9, 3*c + 0*c - 2*s = -24. What is a(c)?
-10
Suppose 25 = 5*w + 5. Suppose -p - 15 = -w*p. Let h(k) = k**3 - 4*k**2 - 6*k + 3. Calculate h(p).
-2
Let s(c) = 23*c - 5 - 2 - 38*c + 0*c**3 + 7*c**2 + 23*c - c**3. Determine s(8).
-7
Let s(k) = 5*k - 25. Let z = -617 - -623. Calculate s(z).
5
Suppose 35*x - 3*x + 256 = 0. Let l(b) = -b + 8. Determine l(x).
16
Let x be (-1)/(-4) - (-230)/40. Let g be x/(-5)*(-5)/(-2). Let i(q) 